
What is the greatest common factor of 171950 and 125?
25
Calculate the greatest common factor of 453 and 545865.
453
What is the greatest common divisor of 118 and 1168?
2
Calculate the greatest common factor of 2560 and 12700.
20
Calculate the greatest common divisor of 17288 and 20.
4
What is the greatest common divisor of 220 and 4950?
110
What is the greatest common factor of 1276 and 2068?
44
What is the highest common factor of 432 and 20250?
54
Calculate the greatest common factor of 5168 and 30736.
272
What is the greatest common divisor of 308628 and 252?
36
What is the highest common factor of 176 and 101816?
88
What is the highest common factor of 296 and 587116?
148
Calculate the highest common divisor of 647772 and 2.
2
What is the greatest common factor of 16 and 5460232?
8
Calculate the greatest common factor of 11450 and 850.
50
Calculate the greatest common factor of 391 and 3944.
17
What is the highest common factor of 425223 and 297?
27
Calculate the greatest common factor of 16108 and 852.
4
Calculate the greatest common divisor of 13 and 332.
1
What is the highest common divisor of 60125 and 9139?
481
Calculate the greatest common divisor of 174508 and 20.
4
What is the greatest common divisor of 616 and 790174?
154
What is the greatest common divisor of 123 and 68429?
41
Calculate the highest common factor of 20521 and 1.
1
What is the greatest common divisor of 1075009 and 676?
169
What is the greatest common divisor of 17538 and 1776?
222
Calculate the greatest common factor of 4712 and 408.
8
Calculate the greatest common divisor of 226075 and 125.
25
What is the greatest common divisor of 1002754 and 46?
46
What is the greatest common divisor of 224601 and 886?
443
Calculate the highest common divisor of 228 and 29564.
76
Calculate the highest common factor of 1208 and 1661.
151
What is the highest common factor of 5709215 and 361?
361
What is the highest common factor of 36 and 78720?
12
What is the greatest common divisor of 3195 and 6035?
355
What is the greatest common factor of 10192 and 494?
26
Calculate the greatest common divisor of 412 and 220111.
103
What is the greatest common factor of 25145 and 415?
5
What is the highest common factor of 1865 and 45?
5
Calculate the greatest common divisor of 4902 and 2318.
38
What is the greatest common divisor of 10 and 94435?
5
Calculate the greatest common factor of 288 and 31872.
96
What is the highest common divisor of 77993 and 230?
23
What is the greatest common factor of 1742 and 6633?
67
What is the greatest common divisor of 546 and 2311582?
182
Calculate the greatest common factor of 426274 and 524.
262
What is the highest common divisor of 2088 and 1368?
72
Calculate the greatest common divisor of 48 and 3308.
4
What is the highest common divisor of 950 and 143830?
190
What is the highest common divisor of 19495 and 105?
35
What is the greatest common factor of 627 and 2816?
11
Calculate the highest common divisor of 11792 and 5092.
268
Calculate the highest common factor of 5751 and 1916361.
639
What is the highest common factor of 339 and 8988924?
339
What is the greatest common divisor of 350160 and 40?
40
What is the greatest common factor of 66 and 277?
1
Calculate the greatest common divisor of 640 and 140416.
128
What is the greatest common divisor of 24560 and 688?
16
What is the greatest common divisor of 5389 and 17?
17
Calculate the greatest common factor of 483 and 4452.
21
What is the highest common divisor of 702219 and 119?
119
Calculate the highest common divisor of 636829 and 2.
1
Calculate the greatest common divisor of 66 and 4590.
6
What is the greatest common divisor of 22 and 38870?
2
What is the highest common factor of 96 and 46518?
6
What is the highest common divisor of 60 and 4355565?
15
Calculate the highest common divisor of 211 and 21733.
211
What is the highest common factor of 4452 and 4228?
28
Calculate the highest common factor of 2414 and 34.
34
What is the greatest common divisor of 197820 and 21?
21
Calculate the highest common factor of 1544 and 129117.
193
Calculate the highest common divisor of 252 and 266994.
126
Calculate the highest common divisor of 4560 and 160.
80
Calculate the highest common factor of 473 and 913.
11
Calculate the highest common factor of 1348 and 697253.
337
Calculate the greatest common factor of 1718 and 341023.
859
What is the greatest common divisor of 140776 and 52?
4
What is the highest common divisor of 8277 and 273?
3
What is the highest common divisor of 7026994 and 26?
26
Calculate the greatest common divisor of 143 and 807820.
13
What is the greatest common factor of 48688 and 7616?
272
What is the greatest common divisor of 10388944 and 664?
664
What is the greatest common factor of 22752 and 2592?
288
What is the highest common factor of 4875 and 2886?
39
Calculate the highest common factor of 85 and 4896.
17
Calculate the greatest common divisor of 195270 and 240.
30
What is the highest common factor of 52 and 10852?
4
What is the highest common divisor of 12755 and 295?
5
What is the highest common factor of 1972 and 64?
4
What is the highest common factor of 1153966 and 22?
22
What is the highest common divisor of 2 and 210523?
1
What is the highest common factor of 591903 and 117?
117
What is the highest common factor of 230 and 6509?
23
What is the greatest common divisor of 15 and 564285?
15
What is the highest common divisor of 867906 and 130?
26
What is the greatest common divisor of 5031 and 387?
387
What is the greatest common factor of 58491 and 97?
97
Calculate the greatest common factor of 10956 and 2552.
44
What is the greatest common factor of 455165 and 5?
5
What is the greatest common factor of 25987 and 39?
13
What is the highest common factor of 95 and 18015?
5
Calculate the greatest common divisor of 81054 and 79.
79
Calculate the greatest common divisor of 14208 and 35816.
296
Calculate the greatest common divisor of 334 and 26386.
334
What is the greatest common divisor of 3496 and 328?
8
What is the highest common factor of 10 and 3623390?
10
What is the highest common factor of 31689 and 189?
63
Calculate the highest common factor of 124 and 186.
62
What is the greatest common factor of 500 and 10625?
125
What is the highest common divisor of 374 and 2669?
17
Calculate the greatest common factor of 15582 and 5406.
318
What is the highest common divisor of 5484 and 174?
6
What is the highest common factor of 1767264 and 16?
16
What is the highest common factor of 12144 and 1089?
33
Calculate the highest common factor of 4845399 and 4024.
503
What is the greatest common divisor of 6585 and 8595?
15
Calculate the highest common divisor of 32 and 1247072.
32
What is the highest common divisor of 2499 and 3381?
147
What is the greatest common factor of 336 and 9744?
336
Calculate the highest common factor of 2408 and 361544.
344
What is the highest common factor of 12 and 47607?
3
Calculate the greatest common divisor of 1136 and 4992.
16
What is the highest common factor of 9 and 441684?
9
Calculate the highest common divisor of 21802 and 21956.
22
What is the highest common divisor of 45217 and 1133?
103
Calculate the greatest common factor of 2825 and 6328.
113
What is the highest common divisor of 19085767 and 83?
83
What is the greatest common divisor of 15264 and 191277?
477
Calculate the highest common divisor of 864 and 1135998.
54
What is the greatest common divisor of 820 and 6220?
20
Calculate the highest common factor of 601 and 1656356.
601
Calculate the greatest common divisor of 11495 and 10120.
55
Calculate the greatest common factor of 226890 and 30.
30
What is the greatest common factor of 1639755 and 234?
117
What is the greatest common divisor of 294246 and 12?
6
Calculate the greatest common divisor of 75 and 325.
25
Calculate the highest common factor of 2560568 and 263.
263
Calculate the greatest common divisor of 17782760 and 20.
20
Calculate the highest common factor of 114272 and 32.
32
What is the greatest common factor of 49005 and 1620?
405
Calculate the greatest common factor of 360 and 58230.
90
Calculate the greatest common factor of 108 and 264852.
36
Calculate the greatest common divisor of 4029675 and 78.
39
What is the hig